vided by 148.
116
Calculate the remainder when 825820 is divided by 121.
116
What is the remainder when 309105 is divided by 48?
33
What is the remainder when 1562 is divided by 1369?
193
Calculate the remainder when 16079 is divided by 60.
59
Calculate the remainder when 8096 is divided by 1009.
24
Calculate the remainder when 480996 is divided by 135.
126
What is the remainder when 5796 is divided by 200?
196
Calculate the remainder when 5792 is divided by 364.
332
Calculate the remainder when 719829 is divided by 17.
15
What is the remainder when 1029 is divided by 202?
19
What is the remainder when 11179 is divided by 429?
25
Calculate the remainder when 2885 is divided by 1435.
15
What is the remainder when 3031 is divided by 377?
15
What is the remainder when 18 is divided by 8?
2
Calculate the remainder when 2948 is divided by 356.
100
Calculate the remainder when 8210 is divided by 211.
192
Calculate the remainder when 3829542 is divided by 1276514.
0
Calculate the remainder when 568 is divided by 56.
8
What is the remainder when 86396 is divided by 133?
79
What is the remainder when 2403 is divided by 323?
142
What is the remainder when 7264 is divided by 1089?
730
Calculate the remainder when 11432 is divided by 1079.
642
Calculate the remainder when 158925 is divided by 22.
19
Calculate the remainder when 4689 is divided by 58.
49
Calculate the remainder when 4571 is divided by 220.
171
Calculate the remainder when 3851 is divided by 870.
371
Calculate the remainder when 6811 is divided by 89.
47
What is the remainder when 3638 is divided by 140?
138
Calculate the remainder when 3308 is divided by 274.
20
What is the remainder when 22542 is divided by 625?
42
Calculate the remainder when 3256793 is divided by 1471.
1470
What is the remainder when 274 is divided by 216?
58
What is the remainder when 22128 is divided by 102?
96
What is the remainder when 2175 is divided by 105?
75
What is the remainder when 213261 is divided by 867?
846
Calculate the remainder when 10863 is divided by 3616.
15
What is the remainder when 9656 is divided by 22?
20
What is the remainder when 196 is divided by 67?
62
Calculate the remainder when 15918 is divided by 58.
26
Calculate the remainder when 620 is divided by 478.
142
Calculate the remainder when 859993 is divided by 860.
853
What is the remainder when 2097 is divided by 300?
297
What is the remainder when 66237 is divided by 676?
665
Calculate the remainder when 10600 is divided by 27.
16
What is the remainder when 96117 is divided by 47?
2
Calculate the remainder when 103898 is divided by 395.
13
Calculate the remainder when 636018 is divided by 28.
26
What is the remainder when 4110417 is divided by 5?
2
Calculate the remainder when 49265 is divided by 77.
62
Calculate the remainder when 68725 is divided by 23.
1
What is the remainder when 1028 is divided by 256?
4
Calculate the remainder when 1369 is divided by 475.
419
Calculate the remainder when 1736 is divided by 18.
8
What is the remainder when 1848 is divided by 269?
234
What is the remainder when 3947 is divided by 1044?
815
What is the remainder when 1818562 is divided by 92?
90
What is the remainder when 84040 is divided by 14?
12
Calculate the remainder when 1444 is divided by 52.
40
What is the remainder when 21250 is divided by 149?
92
What is the remainder when 535296 is divided by 327?
324
What is the remainder when 11367 is divided by 6?
3
What is the remainder when 1315 is divided by 47?
46
What is the remainder when 31408 is divided by 667?
59
What is the remainder when 155054 is divided by 98?
18
What is the remainder when 2752 is divided by 24?
16
Calculate the remainder when 98975 is divided by 9.
2
What is the remainder when 4499 is divided by 2234?
31
Calculate the remainder when 912 is divided by 13.
2
What is the remainder when 876 is divided by 83?
46
What is the remainder when 225376 is divided by 152?
112
Calculate the remainder when 551233 is divided by 33.
1
What is the remainder when 7630 is divided by 7609?
21
Calculate the remainder when 150569 is divided by 30.
29
What is the remainder when 11873 is divided by 35?
8
What is the remainder when 2138936 is divided by 27?
23
Calculate the remainder when 9876 is divided by 679.
370
What is the remainder when 16780 is divided by 63?
22
What is the remainder when 6974 is divided by 6955?
19
Calculate the remainder when 145387 is divided by 335.
332
Calculate the remainder when 1228 is divided by 225.
103
Calculate the remainder when 1105875 is divided by 141.
12
Calculate the remainder when 5045 is divided by 27.
23
What is the remainder when 34908 is divided by 158?
148
What is the remainder when 115400 is divided by 28?
12
What is the remainder when 508006 is divided by 17?
12
Calculate the remainder when 6561 is divided by 941.
915
What is the remainder when 25637 is divided by 6404?
21
Calculate the remainder when 55279 is divided by 43.
24
What is the remainder when 7270 is divided by 2269?
463
What is the remainder when 5034 is divided by 106?
52
What is the remainder when 20229 is divided by 12?
9
Calculate the remainder when 11478 is divided by 674.
20
Calculate the remainder when 498 is divided by 124.
2
Calculate the remainder when 7563 is divided by 13.
10
What is the remainder when 6750 is divided by 2223?
81
What is the remainder when 18916 is divided by 83?
75
What is the remainder when 127457 is divided by 42472?
41
What is the remainder when 40906 is divided by 282?
16
What is the remainder when 37439 is divided by 961?
921
Calculate the remainder when 16663 is divided by 22.
9
Calculate the remainder when 6756 is divided by 562.
12
What is the remainder when 427600 is divided by 14?
12
What is the remainder when 416853 is divided by 317?
315
What is the remainder when 137199 is divided by 245?
244
What is the remainder when 5047 is divided by 22?
9
What is the remainder when 34827 is divided by 345?
327
Calculate the remainder when 1844529 is divided by 34.
29
Calculate the remainder when 26611 is divided by 190.
11
Calculate the remainder when 14263 is divided by 2312.
391
Calculate the remainder when 61262 is divided by 828.
818
What is the remainder when 279538 is divided by 46?
42
What is the remainder when 1394 is divided by 67?
54
Calculate the remainder when 3149 is divided by 512.
77
What is the remainder when 114739 is divided by 103?
100
Calculate the remainder when 147532 is divided by 47.
46
What is the remainder when 1380 is divided by 795?
585
Calculate the remainder when 1023 is divided by 13.
9
What is the remainder when 5760 is divided by 595?
405
What is the remainder when 12164 is divided by 140?
124
Calculate the remainder when 23858 is divided by 281.
254
Calculate the remainder when 40963 is divided by 71.
67
Calculate the remainder when 19341 is divided by 42.
21
What is the remainder when 6204 is divided by 1094?
734
Calculate the remainder when 894972 is divided by 736.
732
Calculate the remainder when 1263 is divided by 480.
303
What is the remainder when 33681 is divided by 21?
18
What is the remainder when 1708849 is divided by 183?
178
Calculate the remainder when 3179 is divided by 70.
29
What is the remainder when 23382 is divided by 23158?
224
What is the remainder when 36444 is divided by 115?
104
Calculate the remainder when 124424 is divided by 20736.
8
Calculate the remainder when 481076 is divided by 190.
186
Calculate the remainder when 96639 is divided by 94.
7
Calculate the remainder when 10163 is divided by 121.
120
Calculate the remainder when 20440 is divided by 132.
112
Calculate the remainder when 153499 is divided by 301.
290
Calculate the remainder when 96500 is divided by 652.
4
What is the remainder when 7667 is divided by 160?
147
Calculate the remainder when 499837 is divided by 320.
317
What is the remainder when 18043 is divided by 157?
145
Calculate the remainder when 55316 is divided by 419.
8
What is the remainder when 156 is divided by 13?
0
Calculate the remainder when 34670 is divided by 282.
266
Calculate the remainder when 385747 is divided by 471.
469
What is the remainder when 3542 is divided by 770?
462
What is the remainder when 36335 is divided by 37?
1
Calculate the remainder whe